{"version":"1.0","provider_name":"festettl\u00e1dafia","provider_url":"https:\/\/festettladafia.cafeblog.hu","author_name":"hellomoncsi","author_url":"https:\/\/festettladafia.cafeblog.hu\/author\/hellomoncsi\/","title":"1 \u00e9v","html":"+ 2 nap ;)\r\n\r\nTavaly augusztus 19-\u00e9n <a href=\"https:\/\/festettladafia.cafeblog.hu\/2013\/09\/02\/a-koltozes\/\" target=\"_blank\">k\u00f6lt\u00f6zt\u00fcnk <\/a>be a H\u00e1zba. J\u00f3l meg is \u00fcnnepelt\u00fck egy klassz t\u0171zij\u00e1t\u00e9kkal. :D\r\n\r\nId\u00e9n azonban nem volt id\u0151nk az \u00fcnnepl\u00e9sre, mert tegnap, 20-\u00e1n N\u0151v\u00e9rem\u00e9k k\u00f6lt\u00f6ztek :D\r\n\r\nMi m\u00e1r csak ilyen \"\u00e1llamalap\u00edt\u00f3k\" vagyunk, ahogy Tes\u00f3m fogalmazott magukr\u00f3l.\r\n\r\nS hogy a H\u00e1zban mi t\u00f6rt\u00e9nt ennyi id\u0151 alatt? H\u00e1t, t\u00f6bb minden is alakulhatott volna, de vagy p\u00e9nz-, vagy id\u0151hi\u00e1nnyal k\u00fczd\u00f6tt\u00fcnk... c) mindkett\u0151vel :P\r\n\r\n(Aki k\u00edv\u00e1ncsi, lehet el\u00f6lr\u0151l kezdeni az olvas\u00e1st ;) Decemberben eg\u00e9sz j\u00f3l \u00f6sszefoglaltam a 2013-as \u00e9v t\u00f6rt\u00e9n\u00e9seit. Na, az\u00f3ta nem sok minden t\u00f6rt\u00e9nt (csak dupl\u00e1n h\u00e1zasok lett\u00fcnk ;) ), sz\u00f3val a lust\u00e1knak-elfoglaltaknak el\u00e9g azt \u00e1tolvasni.\u00a0)\r\n\r\nDe mint tavaly ilyenkor, \u00fagy n\u00e9z ki, id\u00e9n is m\u00e9g csak most fogunk beindulni :D\r\n\r\nHolnap \u00fajabb sz\u00f6sszenetekkel jelentkezem, mert annak ellen\u00e9re, hogy h\u00e9tv\u00e9g\u00e9n kevesebben olvasnak (nocsak-nocsak, mindenki a mel\u00f3helyen \"rosszalkodik\"? :D ), \u00edrni t\u00f6bbnyire p\u00e9nteken van id\u0151m. Ez van, legfeljebb h\u00e9tf\u0151n eb\u00e9did\u0151ben (?) bep\u00f3tolj\u00e1tok! ;)\r\n\r\n[caption id=\"attachment_1518\" align=\"aligncenter\" width=\"300\"]<a href=\"https:\/\/festettladafia.cafeblog.hu\/files\/2014\/06\/IMG_5452.jpg\"><img class=\"wp-image-1518 size-medium\" src=\"https:\/\/festettladafia.cafeblog.hu\/files\/2014\/06\/IMG_5452-300x225.jpg\" alt=\"IMG_5452\" width=\"300\" height=\"225\" \/><\/a> Eltelt egy \u00e9v, de m\u00e9g mindig fura \u00e9rz\u00e9s \u00edr\u00e1s k\u00f6zben ezt a k\u00e9pet l\u00e1tni, \u00e9s tudni, hogy \u00e9pp most ott \u00fcl\u00f6k bent :D[\/caption]\r\n\r\n&nbsp;","type":"rich","thumbnail_url":"https:\/\/festettladafia.cafeblog.hu\/files\/2014\/08\/dinnye-sziv-150x150.jpg","thumbnail_width":150,"thumbnail_height":150}

festettládafia

1 év

+ 2 nap ;)

Tavaly augusztus 19-én <a href="https://festettladafia.cafeblog.hu/2013/09/02/a-koltozes/" target="_blank">költöztünk </a>be a Házba. Jól meg is ünnepeltük egy klassz tűzijátékkal. :D

Idén azonban nem volt időnk az ünneplésre, mert tegnap, 20-án Nővéremék költöztek :D

Mi már csak ilyen "államalapítók" vagyunk, ahogy Tesóm fogalmazott magukról.

S hogy a Házban mi történt ennyi idő alatt? Hát, több minden is alakulhatott volna, de vagy pénz-, vagy időhiánnyal küzdöttünk... c) mindkettővel :P

(Aki kíváncsi, lehet elölről kezdeni az olvasást ;) Decemberben egész jól összefoglaltam a 2013-as év történéseit. Na, azóta nem sok minden történt (csak duplán házasok lettünk ;) ), szóval a lustáknak-elfoglaltaknak elég azt átolvasni. )

De mint tavaly ilyenkor, úgy néz ki, idén is még csak most fogunk beindulni :D

Holnap újabb szösszenetekkel jelentkezem, mert annak ellenére, hogy hétvégén kevesebben olvasnak (nocsak-nocsak, mindenki a melóhelyen "rosszalkodik"? :D ), írni többnyire pénteken van időm. Ez van, legfeljebb hétfőn ebédidőben (?) bepótoljátok! ;)

[caption id="attachment_1518" align="aligncenter" width="300"]<a href="https://festettladafia.cafeblog.hu/files/2014/06/IMG_5452.jpg"><img class="wp-image-1518 size-medium" src="https://festettladafia.cafeblog.hu/files/2014/06/IMG_5452-300x225.jpg" alt="IMG_5452" width="300" height="225" /></a> Eltelt egy év, de még mindig fura érzés írás közben ezt a képet látni, és tudni, hogy épp most ott ülök bent :D[/caption]

&nbsp;
