{"version":"1.0","provider_name":"festettl\u00e1dafia","provider_url":"https:\/\/festettladafia.cafeblog.hu","author_name":"hellomoncsi","author_url":"https:\/\/festettladafia.cafeblog.hu\/author\/hellomoncsi\/","title":"Vissza a felad\u00f3nak","html":"A blogom r\u00e9gi hely\u00e9re \"k\u00f6lt\u00f6z\u00f6tt\". Az\u00e9rt id\u00e9z\u0151jel, mert a teljes \u00e1tdeport\u00e1l\u00e1s nem siker\u00fclt m\u00e9g... ( a wordpress \u00e9s a blogger visszafel\u00e9 valahogy nem bar\u00e1tok :( ).\r\n\r\nA l\u00e9nyeg viszont: \u00fajabb bejegyz\u00e9seimet ( \u00e9s van is m\u00e1r) itt tal\u00e1lj\u00e1tok: <a href=\"http:\/\/festettladafia.blogspot.com\">festettladafia.blogspot.com<\/a>\r\n\r\nGyertek velem! &#x2764;","type":"rich","thumbnail_url":"https:\/\/festettladafia.cafeblog.hu\/files\/2019\/04\/IMG_1794-150x150.jpg","thumbnail_width":150,"thumbnail_height":150}

festettládafia

Vissza a feladónak

A blogom régi helyére "költözött". Azért idézőjel, mert a teljes átdeportálás nem sikerült még... ( a wordpress és a blogger visszafelé valahogy nem barátok :( ).

A lényeg viszont: újabb bejegyzéseimet ( és van is már) itt találjátok: <a href="http://festettladafia.blogspot.com">festettladafia.blogspot.com</a>

Gyertek velem! &#x2764;
